CRAN Package Check Results for Package tmvtnorm

Last updated on 2023-10-04 14:04:03 CEST.

Flavor Version Tinstall Tcheck Ttotal Status Flags
r-devel-linux-x86_64-debian-clang 1.5 11.75 116.62 128.37 OK
r-devel-linux-x86_64-debian-gcc 1.5 10.45 89.13 99.58 OK
r-devel-linux-x86_64-fedora-clang 1.5 166.99 NOTE
r-devel-linux-x86_64-fedora-gcc 1.5 170.55 NOTE
r-devel-windows-x86_64 1.5 13.00 127.00 140.00 OK
r-patched-linux-x86_64 1.5 15.86 115.29 131.15 OK
r-release-linux-x86_64 1.5 13.51 116.74 130.25 OK
r-release-macos-arm64 1.5 57.00 OK
r-release-macos-x86_64 1.5 94.00 OK
r-release-windows-x86_64 1.5 18.00 144.00 162.00 OK
r-oldrel-macos-arm64 1.5 56.00 OK
r-oldrel-macos-x86_64 1.5 64.00 OK
r-oldrel-windows-x86_64 1.5 22.00 144.00 166.00 OK

Check Details

Version: 1.5
Check: compiled code
Result: NOTE
    File ‘tmvtnorm/libs/tmvtnorm.so’:
     Found no calls to: ‘R_registerRoutines’, ‘R_useDynamicSymbols’
    
    It is good practice to register native routines and to disable symbol
    search.
    
    See ‘Writing portable packages’ in the ‘Writing R Extensions’ manual.
Flavors: r-devel-linux-x86_64-fedora-clang, r-devel-linux-x86_64-fedora-gcc