Last updated on 2022-05-22 03:51:38 CEST.
Flavor | Version | Tinstall | Tcheck | Ttotal | Status | Flags |
---|---|---|---|---|---|---|
r-devel-linux-x86_64-debian-clang | 2.8.0 | 23.11 | 377.47 | 400.58 | OK | |
r-devel-linux-x86_64-debian-gcc | 2.8.0 | 21.33 | 299.83 | 321.16 | OK | |
r-devel-linux-x86_64-fedora-clang | 2.8.0 | 511.17 | NOTE | |||
r-devel-linux-x86_64-fedora-gcc | 2.8.0 | 509.09 | NOTE | |||
r-devel-windows-x86_64 | 2.8.0 | 103.00 | 436.00 | 539.00 | OK | |
r-patched-linux-x86_64 | 2.8.0 | 25.51 | 377.69 | 403.20 | OK | |
r-release-linux-x86_64 | 2.8.0 | 16.11 | 383.39 | 399.50 | OK | |
r-release-macos-arm64 | 2.8.0 | 136.00 | NOTE | |||
r-release-macos-x86_64 | 2.8.0 | 228.00 | NOTE | |||
r-release-windows-x86_64 | 2.8.0 | 116.00 | 440.00 | 556.00 | OK | |
r-oldrel-macos-arm64 | 2.8.0 | 133.00 | NOTE | |||
r-oldrel-macos-x86_64 | 2.8.0 | 191.00 | NOTE | |||
r-oldrel-windows-ix86+x86_64 | 2.8.0 | 52.00 | 454.00 | 506.00 | OK |
Version: 2.8.0
Check: package dependencies
Result: NOTE
Imports includes 26 non-default packages.
Importing from so many packages makes the package vulnerable to any of
them becoming unavailable. Move as many as possible to Suggests and
use conditionally.
Flavor: r-devel-linux-x86_64-fedora-clang
Version: 2.8.0
Check: data for non-ASCII characters
Result: NOTE
Note: found 2750 marked UTF-8 strings
Flavors: r-devel-linux-x86_64-fedora-clang, r-devel-linux-x86_64-fedora-gcc, r-release-macos-arm64, r-release-macos-x86_64, r-oldrel-macos-arm64, r-oldrel-macos-x86_64