CRAN Package Check Results for Package timelineS

Last updated on 2022-05-27 04:56:51 CEST.

Flavor Version Tinstall Tcheck Ttotal Status Flags
r-devel-linux-x86_64-debian-clang 0.1.1 5.60 75.17 80.77 OK
r-devel-linux-x86_64-debian-gcc 0.1.1 3.98 55.61 59.59 OK
r-devel-linux-x86_64-fedora-clang 0.1.1 95.52 NOTE
r-devel-linux-x86_64-fedora-gcc 0.1.1 82.04 NOTE
r-devel-windows-x86_64 0.1.1 17.00 87.00 104.00 OK
r-patched-linux-x86_64 0.1.1 5.20 69.64 74.84 OK
r-release-linux-x86_64 0.1.1 6.73 69.58 76.31 OK
r-release-macos-arm64 0.1.1 26.00 NOTE
r-release-macos-x86_64 0.1.1 51.00 NOTE
r-release-windows-x86_64 0.1.1 17.00 89.00 106.00 OK
r-oldrel-macos-arm64 0.1.1 30.00 NOTE
r-oldrel-macos-x86_64 0.1.1 38.00 NOTE
r-oldrel-windows-ix86+x86_64 0.1.1 15.00 81.00 96.00 OK

Check Details

Version: 0.1.1
Check: dependencies in R code
Result: NOTE
    Namespace in Imports field not imported from: ‘base’
     All declared Imports should be used.
Flavors: r-devel-linux-x86_64-fedora-clang, r-devel-linux-x86_64-fedora-gcc, r-release-macos-arm64, r-release-macos-x86_64, r-oldrel-macos-arm64, r-oldrel-macos-x86_64