Last updated on 2022-06-26 15:53:13 CEST.
Flavor | Version | Tinstall | Tcheck | Ttotal | Status | Flags |
---|---|---|---|---|---|---|
r-devel-linux-x86_64-debian-clang | 1.0.0 | 7.24 | 90.64 | 97.88 | NOTE | |
r-devel-linux-x86_64-debian-gcc | 1.0.0 | 6.44 | 71.03 | 77.47 | NOTE | |
r-devel-linux-x86_64-fedora-clang | 1.0.0 | 132.41 | NOTE | |||
r-devel-linux-x86_64-fedora-gcc | 1.0.0 | 129.35 | NOTE | |||
r-devel-windows-x86_64 | 1.0.0 | 20.00 | 111.00 | 131.00 | NOTE | |
r-patched-linux-x86_64 | 1.0.0 | 7.33 | 90.65 | 97.98 | NOTE | |
r-release-linux-x86_64 | 1.0.0 | 6.15 | 90.13 | 96.28 | NOTE | |
r-release-macos-arm64 | 1.0.0 | 42.00 | NOTE | |||
r-release-macos-x86_64 | 1.0.0 | 76.00 | NOTE | |||
r-release-windows-x86_64 | 1.0.0 | 28.00 | 115.00 | 143.00 | NOTE | |
r-oldrel-macos-arm64 | 1.0.0 | 73.00 | NOTE | |||
r-oldrel-macos-x86_64 | 1.0.0 | 79.00 | NOTE | |||
r-oldrel-windows-ix86+x86_64 | 1.0.0 | 19.00 | 93.00 | 112.00 | NOTE |
Version: 1.0.0
Check: LazyData
Result: NOTE
'LazyData' is specified without a 'data' directory
Flavors: r-devel-linux-x86_64-debian-clang, r-devel-linux-x86_64-debian-gcc, r-devel-linux-x86_64-fedora-clang, r-devel-linux-x86_64-fedora-gcc, r-devel-windows-x86_64, r-patched-linux-x86_64, r-release-linux-x86_64, r-release-macos-arm64, r-release-macos-x86_64, r-release-windows-x86_64, r-oldrel-macos-arm64, r-oldrel-macos-x86_64, r-oldrel-windows-ix86+x86_64