CRAN Package Check Results for Package tidysynth

Last updated on 2024-05-24 15:55:08 CEST.

Flavor Version Tinstall Tcheck Ttotal Status Flags
r-devel-linux-x86_64-debian-clang 0.2.0 5.26 80.59 85.85 NOTE
r-devel-linux-x86_64-debian-gcc 0.2.0 4.56 58.98 63.54 NOTE
r-devel-linux-x86_64-fedora-clang 0.2.0 107.46 NOTE
r-devel-linux-x86_64-fedora-gcc 0.2.0 98.66 NOTE
r-devel-windows-x86_64 0.2.0 6.00 83.00 89.00 NOTE
r-patched-linux-x86_64 0.2.0 4.14 75.34 79.48 NOTE
r-release-linux-x86_64 0.2.0 3.73 77.14 80.87 NOTE
r-release-macos-arm64 0.2.0 39.00 OK
r-release-windows-x86_64 0.2.0 6.00 83.00 89.00 NOTE
r-oldrel-macos-arm64 0.2.0 39.00 OK
r-oldrel-macos-x86_64 0.2.0 69.00 OK
r-oldrel-windows-x86_64 0.2.0 7.00 93.00 100.00 OK

Check Details

Version: 0.2.0
Check: HTML version of manual
Result: NOTE Found the following HTML validation problems: generate_control.html:87:1 (generate_control.Rd:36): Warning: trimming empty <li> generate_control.html:86:1 (generate_control.Rd:36): Warning: trimming empty <ol> generate_weights.html:220:1 (generate_weights.Rd:102): Warning: trimming empty <li> generate_weights.html:219:1 (generate_weights.Rd:102): Warning: trimming empty <ol> Flavors: r-devel-linux-x86_64-debian-clang, r-devel-linux-x86_64-debian-gcc, r-devel-linux-x86_64-fedora-clang, r-devel-linux-x86_64-fedora-gcc, r-devel-windows-x86_64, r-patched-linux-x86_64, r-release-linux-x86_64, r-release-windows-x86_64