Last updated on 2022-05-16 15:53:26 CEST.
Flavor | Version | Tinstall | Tcheck | Ttotal | Status | Flags |
---|---|---|---|---|---|---|
r-devel-linux-x86_64-debian-clang | 0.5.1 | 26.42 | 290.76 | 317.18 | OK | |
r-devel-linux-x86_64-debian-gcc | 0.5.1 | 20.15 | 210.11 | 230.26 | OK | |
r-devel-linux-x86_64-fedora-clang | 0.5.1 | 365.40 | OK | |||
r-devel-linux-x86_64-fedora-gcc | 0.5.1 | 376.55 | OK | |||
r-devel-windows-x86_64 | 0.5.1 | 69.00 | 297.00 | 366.00 | OK | |
r-patched-linux-x86_64 | 0.5.1 | 19.92 | 266.42 | 286.34 | OK | |
r-release-linux-x86_64 | 0.5.1 | 17.54 | 267.73 | 285.27 | OK | |
r-release-macos-arm64 | 0.5.1 | 87.00 | NOTE | |||
r-release-macos-x86_64 | 0.5.1 | 148.00 | NOTE | |||
r-release-windows-x86_64 | 0.5.1 | 92.00 | 291.00 | 383.00 | OK | |
r-oldrel-macos-arm64 | 0.5.1 | 84.00 | NOTE | |||
r-oldrel-macos-x86_64 | 0.5.1 | 116.00 | NOTE | |||
r-oldrel-windows-ix86+x86_64 | 0.5.1 | 63.00 | 295.00 | 358.00 | OK |
Version: 0.5.1
Check: package dependencies
Result: NOTE
Package suggested but not available for checking: ‘SingleR’
Flavors: r-release-macos-arm64, r-release-macos-x86_64, r-oldrel-macos-arm64, r-oldrel-macos-x86_64