CRAN Package Check Results for Package tidync

Last updated on 2022-09-25 15:56:56 CEST.

Flavor Version Tinstall Tcheck Ttotal Status Flags
r-devel-linux-x86_64-debian-clang 0.2.4 6.97 88.04 95.01 NOTE
r-devel-linux-x86_64-debian-gcc 0.2.4 5.53 63.76 69.29 NOTE
r-devel-linux-x86_64-fedora-clang 0.2.4 120.51 NOTE
r-devel-linux-x86_64-fedora-gcc 0.2.4 119.49 NOTE
r-devel-windows-x86_64 0.2.4 20.00 112.00 132.00 NOTE
r-patched-linux-x86_64 0.2.4 6.02 81.92 87.94 NOTE
r-release-linux-x86_64 0.2.4 4.99 81.22 86.21 NOTE
r-release-macos-arm64 0.2.4 31.00 NOTE
r-release-macos-x86_64 0.2.4 59.00 NOTE
r-release-windows-x86_64 0.2.4 30.00 113.00 143.00 NOTE
r-oldrel-macos-arm64 0.2.4 37.00 NOTE
r-oldrel-macos-x86_64 0.2.4 61.00 NOTE
r-oldrel-windows-ix86+x86_64 0.2.4 16.00 113.00 129.00 NOTE

Check Details

Version: 0.2.4
Check: LazyData
Result: NOTE
     'LazyData' is specified without a 'data' directory
Flavors: r-devel-linux-x86_64-debian-clang, r-devel-linux-x86_64-debian-gcc, r-devel-linux-x86_64-fedora-clang, r-devel-linux-x86_64-fedora-gcc, r-devel-windows-x86_64, r-patched-linux-x86_64, r-release-linux-x86_64, r-release-macos-arm64, r-release-macos-x86_64, r-release-windows-x86_64, r-oldrel-macos-arm64, r-oldrel-macos-x86_64, r-oldrel-windows-ix86+x86_64