Last updated on 2022-05-27 04:56:51 CEST.
Flavor | Version | Tinstall | Tcheck | Ttotal | Status | Flags |
---|---|---|---|---|---|---|
r-devel-linux-x86_64-debian-clang | 0.2.0 | 18.05 | 174.03 | 192.08 | OK | |
r-devel-linux-x86_64-debian-gcc | 0.2.0 | 14.81 | 128.16 | 142.97 | OK | |
r-devel-linux-x86_64-fedora-clang | 0.2.0 | 223.33 | NOTE | |||
r-devel-linux-x86_64-fedora-gcc | 0.2.0 | 206.78 | NOTE | |||
r-devel-windows-x86_64 | 0.2.0 | 35.00 | 184.00 | 219.00 | OK | |
r-patched-linux-x86_64 | 0.2.0 | 11.78 | 163.59 | 175.37 | OK | |
r-release-linux-x86_64 | 0.2.0 | 12.14 | 158.37 | 170.51 | OK | |
r-release-macos-arm64 | 0.2.0 | 41.00 | NOTE | |||
r-release-macos-x86_64 | 0.2.0 | 106.00 | NOTE | |||
r-release-windows-x86_64 | 0.2.0 | 40.00 | 178.00 | 218.00 | OK | |
r-oldrel-macos-arm64 | 0.2.0 | 68.00 | NOTE | |||
r-oldrel-macos-x86_64 | 0.2.0 | 79.00 | NOTE | |||
r-oldrel-windows-ix86+x86_64 | 0.2.0 | 41.00 | 176.00 | 217.00 | OK |
Version: 0.2.0
Check: package dependencies
Result: NOTE
Imports includes 21 non-default packages.
Importing from so many packages makes the package vulnerable to any of
them becoming unavailable. Move as many as possible to Suggests and
use conditionally.
Flavor: r-devel-linux-x86_64-fedora-clang
Version: 0.2.0
Check: dependencies in R code
Result: NOTE
Namespace in Imports field not imported from: ‘modeldata’
All declared Imports should be used.
Flavors: r-devel-linux-x86_64-fedora-clang, r-devel-linux-x86_64-fedora-gcc, r-release-macos-arm64, r-release-macos-x86_64, r-oldrel-macos-arm64, r-oldrel-macos-x86_64