Last updated on 2023-06-10 03:56:37 CEST.
Flavor | Version | Tinstall | Tcheck | Ttotal | Status | Flags |
---|---|---|---|---|---|---|
r-devel-linux-x86_64-debian-clang | 1.1.0 | 17.96 | 164.68 | 182.64 | OK | |
r-devel-linux-x86_64-debian-gcc | 1.1.0 | 13.56 | 123.64 | 137.20 | OK | |
r-devel-linux-x86_64-fedora-clang | 1.1.0 | 229.41 | NOTE | |||
r-devel-linux-x86_64-fedora-gcc | 1.1.0 | 226.46 | OK | |||
r-devel-windows-x86_64 | 1.1.0 | 17.00 | 132.00 | 149.00 | OK | |
r-patched-linux-x86_64 | 1.1.0 | 18.93 | 154.36 | 173.29 | OK | |
r-release-linux-x86_64 | 1.1.0 | 12.36 | 153.78 | 166.14 | OK | |
r-release-macos-arm64 | 1.1.0 | 69.00 | OK | |||
r-release-macos-x86_64 | 1.0.0 | 118.00 | OK | |||
r-release-windows-x86_64 | 1.1.0 | 21.00 | 161.00 | 182.00 | OK | |
r-oldrel-macos-arm64 | 1.1.0 | 56.00 | OK | |||
r-oldrel-macos-x86_64 | 1.1.0 | 91.00 | OK | |||
r-oldrel-windows-x86_64 | 1.1.0 | 22.00 | 167.00 | 189.00 | OK |
Version: 1.1.0
Check: package dependencies
Result: NOTE
Imports includes 21 non-default packages.
Importing from so many packages makes the package vulnerable to any of
them becoming unavailable. Move as many as possible to Suggests and
use conditionally.
Flavor: r-devel-linux-x86_64-fedora-clang