CRAN Package Check Results for Package tidylog

Last updated on 2022-05-16 03:53:45 CEST.

Flavor Version Tinstall Tcheck Ttotal Status Flags
r-devel-linux-x86_64-debian-clang 1.0.2 6.39 94.70 101.09 NOTE
r-devel-linux-x86_64-debian-gcc 1.0.2 4.76 70.12 74.88 NOTE
r-devel-linux-x86_64-fedora-clang 1.0.2 116.54 NOTE
r-devel-linux-x86_64-fedora-gcc 1.0.2 111.71 NOTE
r-devel-windows-x86_64 1.0.2 41.00 113.00 154.00 NOTE
r-patched-linux-x86_64 1.0.2 4.97 87.36 92.33 NOTE
r-release-linux-x86_64 1.0.2 5.04 86.18 91.22 NOTE
r-release-macos-arm64 1.0.2 33.00 NOTE
r-release-macos-x86_64 1.0.2 57.00 NOTE
r-release-windows-x86_64 1.0.2 57.00 113.00 170.00 NOTE
r-oldrel-macos-arm64 1.0.2 40.00 NOTE
r-oldrel-macos-x86_64 1.0.2 61.00 NOTE
r-oldrel-windows-ix86+x86_64 1.0.2 16.00 493.00 509.00 NOTE

Check Details

Version: 1.0.2
Check: LazyData
Result: NOTE
     'LazyData' is specified without a 'data' directory
Flavors: r-devel-linux-x86_64-debian-clang, r-devel-linux-x86_64-debian-gcc, r-devel-linux-x86_64-fedora-clang, r-devel-linux-x86_64-fedora-gcc, r-devel-windows-x86_64, r-patched-linux-x86_64, r-release-linux-x86_64, r-release-macos-arm64, r-release-macos-x86_64, r-release-windows-x86_64, r-oldrel-macos-arm64, r-oldrel-macos-x86_64, r-oldrel-windows-ix86+x86_64