CRAN Package Check Results for Package tidyhydat

Last updated on 2022-05-19 04:51:17 CEST.

Flavor Version Tinstall Tcheck Ttotal Status Flags
r-devel-linux-x86_64-debian-clang 0.5.5 9.57 137.07 146.64 OK
r-devel-linux-x86_64-debian-gcc 0.5.5 7.87 103.21 111.08 OK
r-devel-linux-x86_64-fedora-clang 0.5.5 170.93 NOTE
r-devel-linux-x86_64-fedora-gcc 0.5.5 164.47 NOTE
r-devel-windows-x86_64 0.5.5 64.00 171.00 235.00 OK
r-patched-linux-x86_64 0.5.5 10.43 131.85 142.28 OK
r-release-linux-x86_64 0.5.5 9.33 129.85 139.18 OK
r-release-macos-arm64 0.5.5 65.00 NOTE
r-release-macos-x86_64 0.5.5 130.00 NOTE
r-release-windows-x86_64 0.5.5 71.00 172.00 243.00 OK
r-oldrel-macos-arm64 0.5.5 61.00 NOTE
r-oldrel-macos-x86_64 0.5.5 90.00 NOTE
r-oldrel-windows-ix86+x86_64 0.5.5 20.00 162.00 182.00 OK

Check Details

Version: 0.5.5
Check: data for non-ASCII characters
Result: NOTE
     Note: found 122 marked UTF-8 strings
Flavors: r-devel-linux-x86_64-fedora-clang, r-devel-linux-x86_64-fedora-gcc, r-release-macos-arm64, r-release-macos-x86_64, r-oldrel-macos-arm64, r-oldrel-macos-x86_64