Last updated on 2022-05-16 15:53:26 CEST.
Flavor | Version | Tinstall | Tcheck | Ttotal | Status | Flags |
---|---|---|---|---|---|---|
r-devel-linux-x86_64-debian-clang | 1.6.5 | 6.56 | 121.62 | 128.18 | OK | |
r-devel-linux-x86_64-debian-gcc | 1.6.5 | 4.40 | 88.60 | 93.00 | OK | |
r-devel-linux-x86_64-fedora-clang | 1.6.5 | 139.90 | NOTE | |||
r-devel-linux-x86_64-fedora-gcc | 1.6.5 | 130.75 | OK | |||
r-devel-windows-x86_64 | 1.6.5 | 50.00 | 157.00 | 207.00 | OK | |
r-patched-linux-x86_64 | 1.6.5 | 7.22 | 108.84 | 116.06 | OK | |
r-release-linux-x86_64 | 1.6.5 | 5.28 | 108.04 | 113.32 | OK | |
r-release-macos-arm64 | 1.6.5 | 45.00 | OK | |||
r-release-macos-x86_64 | 1.6.5 | 70.00 | OK | |||
r-release-windows-x86_64 | 1.6.5 | 71.00 | 163.00 | 234.00 | OK | |
r-oldrel-macos-arm64 | 1.6.5 | 53.00 | OK | |||
r-oldrel-macos-x86_64 | 1.6.5 | 72.00 | OK | |||
r-oldrel-windows-ix86+x86_64 | 1.6.5 | 13.00 | 152.00 | 165.00 | OK |
Version: 1.6.5
Check: Rd cross-references
Result: NOTE
Undeclared packages ‘fastDummies’, ‘widyr’, ‘sjmisc’ in Rd xrefs
Flavor: r-devel-linux-x86_64-fedora-clang