CRAN Package Check Results for Package thewitcher

Last updated on 2022-10-06 15:53:59 CEST.

Flavor Version Tinstall Tcheck Ttotal Status Flags
r-devel-linux-x86_64-debian-clang 1.0.1 14.99 57.58 72.57 OK
r-devel-linux-x86_64-debian-gcc 1.0.1 12.88 42.75 55.63 OK
r-devel-linux-x86_64-fedora-clang 1.0.1 107.46 NOTE
r-devel-linux-x86_64-fedora-gcc 1.0.1 95.37 NOTE
r-devel-windows-x86_64 1.0.1 32.00 84.00 116.00 OK
r-patched-linux-x86_64 1.0.1 14.13 53.29 67.42 OK
r-release-linux-x86_64 1.0.1 13.05 52.98 66.03 OK
r-release-macos-arm64 1.0.1 32.00 NOTE
r-release-macos-x86_64 1.0.1 49.00 NOTE
r-release-windows-x86_64 1.0.1 34.00 78.00 112.00 OK
r-oldrel-macos-arm64 1.0.1 32.00 NOTE
r-oldrel-macos-x86_64 1.0.1 40.00 NOTE
r-oldrel-windows-ix86+x86_64 1.0.1 31.00 80.00 111.00 OK

Check Details

Version: 1.0.1
Check: dependencies in R code
Result: NOTE
    Namespaces in Imports field not imported from:
     ‘MASS’ ‘readr’ ‘tidyverse’ ‘usethis’
     All declared Imports should be used.
Flavors: r-devel-linux-x86_64-fedora-clang, r-devel-linux-x86_64-fedora-gcc, r-release-macos-arm64, r-release-macos-x86_64, r-oldrel-macos-arm64, r-oldrel-macos-x86_64