CRAN Package Check Results for Package tfruns

Last updated on 2022-05-16 15:53:26 CEST.

Flavor Version Tinstall Tcheck Ttotal Status Flags
r-devel-linux-x86_64-debian-clang 1.5.0 3.05 53.98 57.03 NOTE
r-devel-linux-x86_64-debian-gcc 1.5.0 3.05 40.82 43.87 NOTE
r-devel-linux-x86_64-fedora-clang 1.5.0 69.82 NOTE
r-devel-linux-x86_64-fedora-gcc 1.5.0 71.25 NOTE
r-devel-windows-x86_64 1.5.0 25.00 114.00 139.00 NOTE
r-patched-linux-x86_64 1.5.0 7.06 51.35 58.41 NOTE
r-release-linux-x86_64 1.5.0 3.88 51.61 55.49 NOTE
r-release-macos-arm64 1.5.0 49.00 NOTE
r-release-macos-x86_64 1.5.0 53.00 NOTE
r-release-windows-x86_64 1.5.0 39.00 101.00 140.00 NOTE
r-oldrel-macos-arm64 1.5.0 51.00 NOTE
r-oldrel-macos-x86_64 1.5.0 61.00 NOTE
r-oldrel-windows-ix86+x86_64 1.5.0 9.00 92.00 101.00 NOTE

Check Details

Version: 1.5.0
Check: LazyData
Result: NOTE
     'LazyData' is specified without a 'data' directory
Flavors: r-devel-linux-x86_64-debian-clang, r-devel-linux-x86_64-debian-gcc, r-devel-linux-x86_64-fedora-clang, r-devel-linux-x86_64-fedora-gcc, r-devel-windows-x86_64, r-patched-linux-x86_64, r-release-linux-x86_64, r-release-macos-arm64, r-release-macos-x86_64, r-release-windows-x86_64, r-oldrel-macos-arm64, r-oldrel-macos-x86_64, r-oldrel-windows-ix86+x86_64