CRAN Package Check Results for Package tfdeploy

Last updated on 2022-01-16 15:48:43 CET.

Flavor Version Tinstall Tcheck Ttotal Status Flags
r-devel-linux-x86_64-debian-clang 0.6.1 7.22 84.32 91.54 NOTE
r-devel-linux-x86_64-debian-gcc 0.6.1 6.90 63.75 70.65 NOTE
r-devel-linux-x86_64-fedora-clang 0.6.1 116.55 NOTE
r-devel-linux-x86_64-fedora-gcc 0.6.1 106.73 NOTE
r-devel-windows-x86_64-new-UL 0.6.1 140.00 112.00 252.00 NOTE
r-devel-windows-x86_64-new-TK 0.6.1 NOTE
r-patched-linux-x86_64 0.6.1 8.40 79.95 88.35 NOTE
r-release-linux-x86_64 0.6.1 NOTE
r-release-macos-arm64 0.6.1 NOTE
r-release-macos-x86_64 0.6.1 NOTE
r-release-windows-ix86+x86_64 0.6.1 20.00 96.00 116.00 NOTE
r-oldrel-macos-x86_64 0.6.1 OK
r-oldrel-windows-ix86+x86_64 0.6.1 20.00 98.00 118.00 OK

Check Details

Version: 0.6.1
Check: LazyData
Result: NOTE
     'LazyData' is specified without a 'data' directory
Flavors: r-devel-linux-x86_64-debian-clang, r-devel-linux-x86_64-debian-gcc, r-devel-linux-x86_64-fedora-clang, r-devel-linux-x86_64-fedora-gcc, r-devel-windows-x86_64-new-UL, r-devel-windows-x86_64-new-TK, r-patched-linux-x86_64, r-release-linux-x86_64, r-release-macos-arm64, r-release-macos-x86_64, r-release-windows-ix86+x86_64