Last updated on 2022-06-26 03:50:15 CEST.
Flavor | Version | Tinstall | Tcheck | Ttotal | Status | Flags |
---|---|---|---|---|---|---|
r-devel-linux-x86_64-debian-clang | 0.3.6 | 22.06 | 24.64 | 46.70 | OK | |
r-devel-linux-x86_64-debian-gcc | 0.3.6 | 16.73 | 19.43 | 36.16 | OK | |
r-devel-linux-x86_64-fedora-clang | 0.3.6 | 73.89 | OK | |||
r-devel-linux-x86_64-fedora-gcc | 0.3.6 | 65.07 | OK | |||
r-devel-windows-x86_64 | 0.3.6 | 126.00 | 70.00 | 196.00 | OK | |
r-patched-linux-x86_64 | 0.3.6 | 20.00 | 24.13 | 44.13 | OK | |
r-release-linux-x86_64 | 0.3.6 | 19.08 | 23.98 | 43.06 | OK | |
r-release-macos-arm64 | 0.3.6 | 24.00 | NOTE | |||
r-release-macos-x86_64 | 0.3.6 | 35.00 | NOTE | |||
r-release-windows-x86_64 | 0.3.6 | 145.00 | 69.00 | 214.00 | OK | |
r-oldrel-macos-arm64 | 0.3.6 | 27.00 | NOTE | |||
r-oldrel-macos-x86_64 | 0.3.6 | 39.00 | OK | |||
r-oldrel-windows-ix86+x86_64 | 0.3.6 | 56.00 | 66.00 | 122.00 | OK |
Version: 0.3.6
Check: installed package size
Result: NOTE
installed size is 17.3Mb
sub-directories of 1Mb or more:
libs 17.2Mb
Flavors: r-release-macos-arm64, r-release-macos-x86_64, r-oldrel-macos-arm64