Last updated on 2022-05-27 15:51:53 CEST.
Flavor | Version | Tinstall | Tcheck | Ttotal | Status | Flags |
---|---|---|---|---|---|---|
r-devel-linux-x86_64-debian-clang | 3.0.5 | 106.98 | 408.69 | 515.67 | OK | |
r-devel-linux-x86_64-debian-gcc | 3.0.5 | 82.26 | 295.79 | 378.05 | OK | |
r-devel-linux-x86_64-fedora-clang | 3.0.5 | 675.03 | NOTE | |||
r-devel-linux-x86_64-fedora-gcc | 3.0.5 | 649.42 | OK | |||
r-devel-windows-x86_64 | 3.0.5 | 114.00 | 546.00 | 660.00 | OK | |
r-patched-linux-x86_64 | 3.0.5 | 96.74 | 391.55 | 488.29 | OK | |
r-release-linux-x86_64 | 3.0.5 | 84.60 | 389.62 | 474.22 | OK | |
r-release-macos-arm64 | 3.0.5 | 180.00 | NOTE | |||
r-release-macos-x86_64 | 3.0.5 | 221.00 | NOTE | |||
r-release-windows-x86_64 | 3.0.5 | 115.00 | 536.00 | 651.00 | OK | |
r-oldrel-macos-arm64 | 3.0.5 | 216.00 | NOTE | |||
r-oldrel-macos-x86_64 | 3.0.5 | 213.00 | NOTE | |||
r-oldrel-windows-ix86+x86_64 | 3.0.5 | 253.00 | 671.00 | 924.00 | OK |
Version: 3.0.5
Check: Rd cross-references
Result: NOTE
Undeclared package ‘tm’ in Rd xrefs
Flavor: r-devel-linux-x86_64-fedora-clang
Version: 3.0.5
Check: installed package size
Result: NOTE
installed size is 5.4Mb
sub-directories of 1Mb or more:
libs 3.5Mb
Flavors: r-release-macos-arm64, r-release-macos-x86_64, r-oldrel-macos-arm64, r-oldrel-macos-x86_64