CRAN Package Check Results for Package textfeatures

Last updated on 2022-09-28 03:55:08 CEST.

Flavor Version Tinstall Tcheck Ttotal Status Flags
r-devel-linux-x86_64-debian-clang 0.3.3 11.42 50.50 61.92 NOTE
r-devel-linux-x86_64-debian-gcc 0.3.3 11.34 37.74 49.08 NOTE
r-devel-linux-x86_64-fedora-clang 0.3.3 93.47 NOTE
r-devel-linux-x86_64-fedora-gcc 0.3.3 88.99 NOTE
r-devel-windows-x86_64 0.3.3 42.00 74.00 116.00 NOTE
r-patched-linux-x86_64 0.3.3 11.03 48.24 59.27 NOTE
r-release-linux-x86_64 0.3.3 11.81 47.86 59.67 NOTE
r-release-macos-arm64 0.3.3 30.00 NOTE
r-release-macos-x86_64 0.3.3 50.00 NOTE
r-release-windows-x86_64 0.3.3 36.00 71.00 107.00 NOTE
r-oldrel-macos-arm64 0.3.3 34.00 NOTE
r-oldrel-macos-x86_64 0.3.3 57.00 NOTE
r-oldrel-windows-ix86+x86_64 0.3.3 22.00 71.00 93.00 NOTE

Check Details

Version: 0.3.3
Check: LazyData
Result: NOTE
     'LazyData' is specified without a 'data' directory
Flavors: r-devel-linux-x86_64-debian-clang, r-devel-linux-x86_64-debian-gcc, r-devel-linux-x86_64-fedora-clang, r-devel-linux-x86_64-fedora-gcc, r-devel-windows-x86_64, r-patched-linux-x86_64, r-release-linux-x86_64, r-release-macos-arm64, r-release-macos-x86_64, r-release-windows-x86_64, r-oldrel-macos-arm64, r-oldrel-macos-x86_64, r-oldrel-windows-ix86+x86_64