CRAN Package Check Results for Package text2vec

Last updated on 2024-04-15 03:51:25 CEST.

Flavor Version Tinstall Tcheck Ttotal Status Flags
r-devel-linux-x86_64-debian-clang 0.6.4 67.60 185.85 253.45 OK
r-devel-linux-x86_64-debian-gcc 0.6.4 62.72 155.21 217.93 OK
r-devel-linux-x86_64-fedora-clang 0.6.4 349.50 NOTE
r-devel-linux-x86_64-fedora-gcc 0.6.4 448.64 OK
r-devel-windows-x86_64 0.6.4 60.00 169.00 229.00 OK
r-patched-linux-x86_64 0.6.4 83.22 177.82 261.04 OK
r-release-linux-x86_64 0.6.4 83.09 184.71 267.80 OK
r-release-macos-arm64 0.6.4 121.00 NOTE
r-release-macos-x86_64 0.6.4 218.00 NOTE
r-release-windows-x86_64 0.6.4 80.00 245.00 325.00 OK
r-oldrel-macos-arm64 0.6.4 114.00 NOTE
r-oldrel-windows-x86_64 0.6.4 72.00 219.00 291.00 OK

Check Details

Version: 0.6.4
Check: whether startup messages can be suppressed
Result: NOTE OMP: Warning #96: Cannot form a team with 24 threads, using 2 instead. OMP: Hint Consider unsetting KMP_DEVICE_THREAD_LIMIT (KMP_ALL_THREADS), KMP_TEAMS_THREAD_LIMIT, and OMP_THREAD_LIMIT (if any are set). It looks like this package (or a package it requires) has a startup message which cannot be suppressed: see ?packageStartupMessage. Flavor: r-devel-linux-x86_64-fedora-clang

Version: 0.6.4
Check: installed package size
Result: NOTE installed size is 7.6Mb sub-directories of 1Mb or more: data 2.7Mb libs 4.0Mb Flavors: r-release-macos-arm64, r-release-macos-x86_64, r-oldrel-macos-arm64