CRAN Package Check Results for Package text2sdg

Last updated on 2022-05-21 15:50:08 CEST.

Flavor Version Tinstall Tcheck Ttotal Status Flags
r-devel-linux-x86_64-debian-clang 0.1.2 3.95 393.13 397.08 OK
r-devel-linux-x86_64-debian-gcc 0.1.2 3.08 252.37 255.45 OK
r-devel-linux-x86_64-fedora-clang 0.1.2 397.60 NOTE
r-devel-linux-x86_64-fedora-gcc 0.1.2 357.90 NOTE
r-devel-windows-x86_64 0.1.2 21.00 273.00 294.00 OK
r-patched-linux-x86_64 0.1.2 8.69 316.01 324.70 OK
r-release-linux-x86_64 0.1.2 3.21 317.54 320.75 OK
r-release-macos-arm64 0.1.2 85.00 NOTE
r-release-macos-x86_64 0.1.2 146.00 NOTE
r-release-windows-x86_64 0.1.2 19.00 280.00 299.00 OK
r-oldrel-macos-arm64 0.1.2 437.00 NOTE
r-oldrel-macos-x86_64 0.1.2 103.00 NOTE
r-oldrel-windows-ix86+x86_64 0.1.2 8.00 310.00 318.00 OK

Check Details

Version: 0.1.2
Check: data for non-ASCII characters
Result: NOTE
     Note: found 75 marked UTF-8 strings
Flavors: r-devel-linux-x86_64-fedora-clang, r-devel-linux-x86_64-fedora-gcc, r-release-macos-arm64, r-release-macos-x86_64, r-oldrel-macos-arm64, r-oldrel-macos-x86_64