Last updated on 2022-06-25 15:51:34 CEST.
Flavor | Version | Tinstall | Tcheck | Ttotal | Status | Flags |
---|---|---|---|---|---|---|
r-devel-linux-x86_64-debian-clang | 1.0.1 | 4.39 | 219.64 | 224.03 | NOTE | |
r-devel-linux-x86_64-debian-gcc | 1.0.1 | 3.07 | 154.98 | 158.05 | NOTE | |
r-devel-linux-x86_64-fedora-clang | 1.0.1 | 261.35 | NOTE | |||
r-devel-linux-x86_64-fedora-gcc | 1.0.1 | 264.48 | NOTE | |||
r-devel-windows-x86_64 | 1.0.1 | 33.00 | 246.00 | 279.00 | NOTE | |
r-patched-linux-x86_64 | 1.0.1 | 5.55 | 209.36 | 214.91 | NOTE | |
r-release-linux-x86_64 | 1.0.1 | 4.16 | 204.16 | 208.32 | NOTE | |
r-release-macos-arm64 | 1.0.1 | 82.00 | NOTE | |||
r-release-macos-x86_64 | 1.0.1 | 159.00 | NOTE | |||
r-release-windows-x86_64 | 1.0.1 | 27.00 | 236.00 | 263.00 | NOTE | |
r-oldrel-macos-arm64 | 1.0.1 | 91.00 | NOTE | |||
r-oldrel-macos-x86_64 | 1.0.1 | 166.00 | NOTE | |||
r-oldrel-windows-ix86+x86_64 | 1.0.1 | 8.00 | 261.00 | 269.00 | NOTE |
Version: 1.0.1
Check: LazyData
Result: NOTE
'LazyData' is specified without a 'data' directory
Flavors: r-devel-linux-x86_64-debian-clang, r-devel-linux-x86_64-debian-gcc, r-devel-linux-x86_64-fedora-clang, r-devel-linux-x86_64-fedora-gcc, r-devel-windows-x86_64, r-patched-linux-x86_64, r-release-linux-x86_64, r-release-macos-arm64, r-release-macos-x86_64, r-release-windows-x86_64, r-oldrel-macos-arm64, r-oldrel-macos-x86_64, r-oldrel-windows-ix86+x86_64