Last updated on 2022-05-28 03:54:57 CEST.
Flavor | Version | Tinstall | Tcheck | Ttotal | Status | Flags |
---|---|---|---|---|---|---|
r-devel-linux-x86_64-debian-clang | 0.0.4 | 5.16 | 81.38 | 86.54 | OK | |
r-devel-linux-x86_64-debian-gcc | 0.0.4 | 4.20 | 59.37 | 63.57 | OK | |
r-devel-linux-x86_64-fedora-clang | 0.0.4 | 101.50 | NOTE | |||
r-devel-linux-x86_64-fedora-gcc | 0.0.4 | 88.34 | OK | |||
r-devel-windows-x86_64 | 0.0.4 | 26.00 | 92.00 | 118.00 | OK | |
r-patched-linux-x86_64 | 0.0.4 | 4.05 | 74.74 | 78.79 | OK | |
r-release-linux-x86_64 | 0.0.4 | 4.96 | 73.91 | 78.87 | OK | |
r-release-macos-arm64 | 0.0.4 | 27.00 | OK | |||
r-release-macos-x86_64 | 0.0.4 | 49.00 | OK | |||
r-release-windows-x86_64 | 0.0.4 | 25.00 | 93.00 | 118.00 | OK | |
r-oldrel-macos-arm64 | 0.0.4 | 30.00 | OK | |||
r-oldrel-macos-x86_64 | 0.0.4 | 45.00 | OK | |||
r-oldrel-windows-ix86+x86_64 | 0.0.4 | 15.00 | 85.00 | 100.00 | OK |
Version: 0.0.4
Check: Rd cross-references
Result: NOTE
Undeclared package ‘scales’ in Rd xrefs
Flavor: r-devel-linux-x86_64-fedora-clang