Last updated on 2022-06-27 15:53:56 CEST.
Flavor | Version | Tinstall | Tcheck | Ttotal | Status | Flags |
---|---|---|---|---|---|---|
r-devel-linux-x86_64-debian-clang | 0.1.2 | 43.68 | 118.66 | 162.34 | OK | |
r-devel-linux-x86_64-debian-gcc | 0.1.2 | 39.50 | 93.41 | 132.91 | OK | |
r-devel-linux-x86_64-fedora-clang | 0.1.2 | 215.20 | OK | |||
r-devel-linux-x86_64-fedora-gcc | 0.1.2 | 209.98 | OK | |||
r-devel-windows-x86_64 | 0.1.2 | 110.00 | 183.00 | 293.00 | OK | |
r-patched-linux-x86_64 | 0.1.2 | 43.77 | 114.86 | 158.63 | OK | |
r-release-linux-x86_64 | 0.1.2 | 38.93 | 112.35 | 151.28 | OK | |
r-release-macos-arm64 | 0.1.2 | 56.00 | OK | |||
r-release-macos-x86_64 | 0.1.2 | 108.00 | OK | |||
r-release-windows-x86_64 | 0.1.2 | 94.00 | 174.00 | 268.00 | OK | |
r-oldrel-macos-arm64 | 0.1.2 | 65.00 | NOTE | |||
r-oldrel-macos-x86_64 | 0.1.2 | 75.00 | OK | |||
r-oldrel-windows-ix86+x86_64 | 0.1.2 | 110.00 | 173.00 | 283.00 | OK |
Version: 0.1.2
Check: installed package size
Result: NOTE
installed size is 5.3Mb
sub-directories of 1Mb or more:
libs 4.2Mb
Flavor: r-oldrel-macos-arm64