Last updated on 2022-06-28 03:51:44 CEST.
Flavor | Version | Tinstall | Tcheck | Ttotal | Status | Flags |
---|---|---|---|---|---|---|
r-devel-linux-x86_64-debian-clang | 0.1.1 | 2.10 | 26.48 | 28.58 | NOTE | |
r-devel-linux-x86_64-debian-gcc | 0.1.1 | 1.72 | 20.06 | 21.78 | NOTE | |
r-devel-linux-x86_64-fedora-clang | 0.1.1 | 46.66 | NOTE | |||
r-devel-linux-x86_64-fedora-gcc | 0.1.1 | 44.55 | NOTE | |||
r-devel-windows-x86_64 | 0.1.1 | 18.00 | 55.00 | 73.00 | NOTE | |
r-patched-linux-x86_64 | 0.1.1 | 1.99 | 25.37 | 27.36 | NOTE | |
r-release-linux-x86_64 | 0.1.1 | 2.00 | 25.68 | 27.68 | NOTE | |
r-release-macos-arm64 | 0.1.1 | 15.00 | NOTE | |||
r-release-macos-x86_64 | 0.1.1 | 22.00 | NOTE | |||
r-release-windows-x86_64 | 0.1.1 | 11.00 | 52.00 | 63.00 | NOTE | |
r-oldrel-macos-arm64 | 0.1.1 | 17.00 | NOTE | |||
r-oldrel-macos-x86_64 | 0.1.1 | 29.00 | NOTE | |||
r-oldrel-windows-ix86+x86_64 | 0.1.1 | 5.00 | 44.00 | 49.00 | NOTE |
Version: 0.1.1
Check: LazyData
Result: NOTE
'LazyData' is specified without a 'data' directory
Flavors: r-devel-linux-x86_64-debian-clang, r-devel-linux-x86_64-debian-gcc, r-devel-linux-x86_64-fedora-clang, r-devel-linux-x86_64-fedora-gcc, r-devel-windows-x86_64, r-patched-linux-x86_64, r-release-linux-x86_64, r-release-macos-arm64, r-release-macos-x86_64, r-release-windows-x86_64, r-oldrel-macos-arm64, r-oldrel-macos-x86_64, r-oldrel-windows-ix86+x86_64