Last updated on 2022-06-29 03:52:54 CEST.
Flavor | Version | Tinstall | Tcheck | Ttotal | Status | Flags |
---|---|---|---|---|---|---|
r-devel-linux-x86_64-debian-clang | 1.1.1 | 14.16 | 82.69 | 96.85 | NOTE | |
r-devel-linux-x86_64-debian-gcc | 1.1.1 | 11.04 | 57.49 | 68.53 | NOTE | |
r-devel-linux-x86_64-fedora-gcc | 1.1.1 | 127.30 | NOTE | |||
r-devel-windows-x86_64 | 1.1.1 | 107.00 | 155.00 | 262.00 | NOTE | |
r-patched-linux-x86_64 | 1.1.1 | 20.55 | 80.76 | 101.31 | NOTE | |
r-release-linux-x86_64 | 1.1.1 | 14.21 | 80.78 | 94.99 | NOTE | |
r-release-macos-arm64 | 1.1.1 | 58.00 | NOTE | |||
r-release-macos-x86_64 | 1.1.1 | 78.00 | NOTE | |||
r-release-windows-x86_64 | 1.1.1 | 116.00 | 158.00 | 274.00 | NOTE | |
r-oldrel-macos-arm64 | 1.1.1 | 58.00 | NOTE | |||
r-oldrel-macos-x86_64 | 1.1.1 | 1803.00 | NOTE | |||
r-oldrel-windows-ix86+x86_64 | 1.1.1 | 25.00 | 212.00 | 237.00 | NOTE |
Version: 1.1.1
Check: LazyData
Result: NOTE
'LazyData' is specified without a 'data' directory
Flavors: r-devel-linux-x86_64-debian-clang, r-devel-linux-x86_64-debian-gcc, r-devel-linux-x86_64-fedora-gcc, r-devel-windows-x86_64, r-patched-linux-x86_64, r-release-linux-x86_64, r-release-macos-arm64, r-release-macos-x86_64, r-release-windows-x86_64, r-oldrel-macos-arm64, r-oldrel-macos-x86_64, r-oldrel-windows-ix86+x86_64
Version: 1.1.1
Check: dependencies in R code
Result: NOTE
Namespace in Imports field not imported from: ‘iterators’
All declared Imports should be used.
Flavors: r-devel-linux-x86_64-fedora-gcc, r-release-macos-arm64, r-release-macos-x86_64, r-oldrel-macos-arm64, r-oldrel-macos-x86_64