CRAN Package Check Results for Package syt

Last updated on 2022-06-28 03:51:44 CEST.

Flavor Version Tinstall Tcheck Ttotal Status Flags
r-devel-linux-x86_64-debian-clang 0.2.0 9.26 71.92 81.18 NOTE
r-devel-linux-x86_64-debian-gcc 0.2.0 5.73 53.92 59.65 NOTE
r-devel-linux-x86_64-fedora-clang 0.2.0 105.34 NOTE
r-devel-linux-x86_64-fedora-gcc 0.2.0 104.30 NOTE
r-devel-windows-x86_64 0.2.0 18.00 98.00 116.00 NOTE
r-patched-linux-x86_64 0.2.0 7.00 67.27 74.27 NOTE
r-release-linux-x86_64 0.2.0 5.85 67.28 73.13 NOTE
r-release-macos-arm64 0.2.0 32.00 NOTE
r-release-macos-x86_64 0.2.0 44.00 NOTE
r-release-windows-x86_64 0.2.0 21.00 98.00 119.00 NOTE
r-oldrel-macos-arm64 0.2.0 37.00 NOTE
r-oldrel-macos-x86_64 0.2.0 58.00 NOTE
r-oldrel-windows-ix86+x86_64 0.2.0 18.00 92.00 110.00 NOTE

Check Details

Version: 0.2.0
Check: LazyData
Result: NOTE
     'LazyData' is specified without a 'data' directory
Flavors: r-devel-linux-x86_64-debian-clang, r-devel-linux-x86_64-debian-gcc, r-devel-linux-x86_64-fedora-clang, r-devel-linux-x86_64-fedora-gcc, r-devel-windows-x86_64, r-patched-linux-x86_64, r-release-linux-x86_64, r-release-macos-arm64, r-release-macos-x86_64, r-release-windows-x86_64, r-oldrel-macos-arm64, r-oldrel-macos-x86_64, r-oldrel-windows-ix86+x86_64