CRAN Package Check Results for Package sys

Last updated on 2022-05-24 15:52:59 CEST.

Flavor Version Tinstall Tcheck Ttotal Status Flags
r-devel-linux-x86_64-debian-clang 3.4 2.98 34.66 37.64 NOTE
r-devel-linux-x86_64-debian-gcc 3.4 1.91 27.21 29.12 NOTE
r-devel-linux-x86_64-fedora-clang 3.4 46.24 NOTE
r-devel-linux-x86_64-fedora-gcc 3.4 35.70 NOTE
r-devel-windows-x86_64 3.4 17.00 63.00 80.00 NOTE
r-patched-linux-x86_64 3.4 2.91 33.66 36.57 NOTE
r-release-linux-x86_64 3.4 NOTE
r-release-macos-arm64 3.4 26.00 NOTE
r-release-macos-x86_64 3.4 49.00 NOTE
r-release-windows-x86_64 3.4 17.00 65.00 82.00 NOTE
r-oldrel-macos-arm64 3.4 29.00 NOTE
r-oldrel-macos-x86_64 3.4 39.00 NOTE
r-oldrel-windows-ix86+x86_64 3.4 13.00 79.00 92.00 NOTE

Check Details

Version: 3.4
Check: LazyData
Result: NOTE
     'LazyData' is specified without a 'data' directory
Flavors: r-devel-linux-x86_64-debian-clang, r-devel-linux-x86_64-debian-gcc, r-devel-linux-x86_64-fedora-clang, r-devel-linux-x86_64-fedora-gcc, r-devel-windows-x86_64, r-patched-linux-x86_64, r-release-linux-x86_64, r-release-macos-arm64, r-release-macos-x86_64, r-release-windows-x86_64, r-oldrel-macos-arm64, r-oldrel-macos-x86_64, r-oldrel-windows-ix86+x86_64

Version: 3.4
Check: package dependencies
Result: NOTE
    Package suggested but not available for checking: 'unix'
Flavors: r-devel-windows-x86_64, r-release-windows-x86_64, r-oldrel-windows-ix86+x86_64