CRAN Package Check Results for Package syntaxr

Last updated on 2022-10-03 15:54:12 CEST.

Flavor Version Tinstall Tcheck Ttotal Status Flags
r-devel-linux-x86_64-debian-clang 0.8.0 1.46 23.46 24.92 NOTE
r-devel-linux-x86_64-debian-gcc 0.8.0 1.52 18.10 19.62 NOTE
r-devel-linux-x86_64-fedora-clang 0.8.0 43.49 NOTE
r-devel-linux-x86_64-fedora-gcc 0.8.0 40.87 NOTE
r-devel-windows-x86_64 0.8.0 15.00 52.00 67.00 NOTE
r-patched-linux-x86_64 0.8.0 1.45 22.00 23.45 NOTE
r-release-linux-x86_64 0.8.0 1.96 22.06 24.02 NOTE
r-release-macos-arm64 0.8.0 17.00 NOTE
r-release-macos-x86_64 0.8.0 21.00 NOTE
r-release-windows-x86_64 0.8.0 13.00 50.00 63.00 NOTE
r-oldrel-macos-arm64 0.8.0 17.00 NOTE
r-oldrel-macos-x86_64 0.8.0 26.00 NOTE
r-oldrel-windows-ix86+x86_64 0.8.0 5.00 45.00 50.00 NOTE

Check Details

Version: 0.8.0
Check: LazyData
Result: NOTE
     'LazyData' is specified without a 'data' directory
Flavors: r-devel-linux-x86_64-debian-clang, r-devel-linux-x86_64-debian-gcc, r-devel-linux-x86_64-fedora-clang, r-devel-linux-x86_64-fedora-gcc, r-devel-windows-x86_64, r-patched-linux-x86_64, r-release-linux-x86_64, r-release-macos-arm64, r-release-macos-x86_64, r-release-windows-x86_64, r-oldrel-macos-arm64, r-oldrel-macos-x86_64, r-oldrel-windows-ix86+x86_64