CRAN Package Check Results for Package synfd

Last updated on 2022-05-27 15:51:52 CEST.

Flavor Version Tinstall Tcheck Ttotal Status Flags
r-devel-linux-x86_64-debian-clang 0.1.3 1.68 33.76 35.44 NOTE
r-devel-linux-x86_64-debian-gcc 0.1.3 2.09 25.37 27.46 NOTE
r-devel-linux-x86_64-fedora-clang 0.1.3 43.78 NOTE
r-devel-linux-x86_64-fedora-gcc 0.1.3 32.98 NOTE
r-devel-windows-x86_64 0.1.3 14.00 52.00 66.00 NOTE
r-patched-linux-x86_64 0.1.3 2.18 32.75 34.93 NOTE
r-release-linux-x86_64 0.1.3 2.07 32.67 34.74 NOTE
r-release-macos-arm64 0.1.3 18.00 NOTE
r-release-macos-x86_64 0.1.3 21.00 NOTE
r-release-windows-x86_64 0.1.3 16.00 52.00 68.00 NOTE
r-oldrel-macos-arm64 0.1.3 20.00 NOTE
r-oldrel-macos-x86_64 0.1.3 25.00 NOTE
r-oldrel-windows-ix86+x86_64 0.1.3 6.00 44.00 50.00 NOTE

Check Details

Version: 0.1.3
Check: LazyData
Result: NOTE
     'LazyData' is specified without a 'data' directory
Flavors: r-devel-linux-x86_64-debian-clang, r-devel-linux-x86_64-debian-gcc, r-devel-linux-x86_64-fedora-clang, r-devel-linux-x86_64-fedora-gcc, r-devel-windows-x86_64, r-patched-linux-x86_64, r-release-linux-x86_64, r-release-macos-arm64, r-release-macos-x86_64, r-release-windows-x86_64, r-oldrel-macos-arm64, r-oldrel-macos-x86_64, r-oldrel-windows-ix86+x86_64

Version: 0.1.3
Check: dependencies in R code
Result: NOTE
    Namespace in Imports field not imported from: ‘Rdpack’
     All declared Imports should be used.
Flavors: r-devel-linux-x86_64-fedora-clang, r-devel-linux-x86_64-fedora-gcc, r-release-macos-arm64, r-release-macos-x86_64, r-oldrel-macos-arm64, r-oldrel-macos-x86_64