Last updated on 2023-06-10 03:56:37 CEST.
Flavor | Version | Tinstall | Tcheck | Ttotal | Status | Flags |
---|---|---|---|---|---|---|
r-devel-linux-x86_64-debian-clang | 0.1.1 | 58.27 | 134.06 | 192.33 | NOTE | |
r-devel-linux-x86_64-debian-gcc | 0.1.1 | 48.79 | 100.41 | 149.20 | NOTE | |
r-devel-linux-x86_64-fedora-clang | 0.1.1 | 256.71 | NOTE | |||
r-devel-linux-x86_64-fedora-gcc | 0.1.1 | 259.14 | NOTE | |||
r-devel-windows-x86_64 | 0.1.1 | 48.00 | 135.00 | 183.00 | NOTE | |
r-patched-linux-x86_64 | 0.1.1 | 50.02 | 126.82 | 176.84 | NOTE | |
r-release-linux-x86_64 | 0.1.1 | 39.63 | 125.28 | 164.91 | NOTE | |
r-release-macos-arm64 | 0.1.1 | 77.00 | NOTE | |||
r-release-macos-x86_64 | 0.1.1 | 129.00 | NOTE | |||
r-release-windows-x86_64 | 0.1.1 | 63.00 | 166.00 | 229.00 | NOTE | |
r-oldrel-macos-arm64 | 0.1.1 | 66.00 | OK | |||
r-oldrel-macos-x86_64 | 0.1.1 | 92.00 | OK | |||
r-oldrel-windows-x86_64 | 0.1.1 | 61.00 | 160.00 | 221.00 | OK |
Version: 0.1.1
Check: C++ specification
Result: NOTE
Specified C++11: please drop specification unless essential
Flavors: r-devel-linux-x86_64-debian-clang, r-devel-linux-x86_64-debian-gcc, r-devel-linux-x86_64-fedora-clang, r-devel-linux-x86_64-fedora-gcc, r-devel-windows-x86_64, r-patched-linux-x86_64, r-release-linux-x86_64, r-release-macos-arm64, r-release-macos-x86_64, r-release-windows-x86_64