Last updated on 2022-05-20 15:52:20 CEST.
Flavor | Version | Tinstall | Tcheck | Ttotal | Status | Flags |
---|---|---|---|---|---|---|
r-devel-linux-x86_64-debian-clang | 1.6 | 5.44 | 62.97 | 68.41 | OK | |
r-devel-linux-x86_64-debian-gcc | 1.6 | 3.84 | 47.44 | 51.28 | OK | |
r-devel-linux-x86_64-fedora-clang | 1.6 | 82.12 | NOTE | |||
r-devel-linux-x86_64-fedora-gcc | 1.6 | 78.95 | NOTE | |||
r-devel-windows-x86_64 | 1.6 | 43.00 | 83.00 | 126.00 | OK | |
r-patched-linux-x86_64 | 1.6 | 6.27 | 59.36 | 65.63 | OK | |
r-release-linux-x86_64 | 1.6 | 6.10 | 59.57 | 65.67 | OK | |
r-release-macos-arm64 | 1.6 | 26.00 | NOTE | |||
r-release-macos-x86_64 | 1.6 | 38.00 | NOTE | |||
r-release-windows-x86_64 | 1.6 | 39.00 | 85.00 | 124.00 | OK | |
r-oldrel-macos-arm64 | 1.6 | 27.00 | NOTE | |||
r-oldrel-macos-x86_64 | 1.6 | 40.00 | NOTE | |||
r-oldrel-windows-ix86+x86_64 | 1.6 | 11.00 | 80.00 | 91.00 | OK |
Version: 1.6
Check: dependencies in R code
Result: NOTE
Namespaces in Imports field not imported from:
‘mapdata’ ‘utils’
All declared Imports should be used.
Flavors: r-devel-linux-x86_64-fedora-clang, r-devel-linux-x86_64-fedora-gcc, r-release-macos-arm64, r-release-macos-x86_64, r-oldrel-macos-arm64, r-oldrel-macos-x86_64