CRAN Package Check Results for Package swagger

Last updated on 2023-02-01 03:54:30 CET.

Flavor Version Tinstall Tcheck Ttotal Status Flags
r-devel-linux-x86_64-debian-clang 3.33.1 1.93 22.22 24.15 NOTE
r-devel-linux-x86_64-debian-gcc 3.33.1 1.70 17.22 18.92 NOTE
r-devel-linux-x86_64-fedora-clang 3.33.1 30.66 NOTE
r-devel-linux-x86_64-fedora-gcc 3.33.1 29.75 NOTE
r-devel-windows-x86_64 3.33.1 23.00 53.00 76.00 NOTE
r-patched-linux-x86_64 3.33.1 2.08 21.98 24.06 NOTE
r-release-linux-x86_64 3.33.1 1.96 21.82 23.78 NOTE
r-release-macos-arm64 3.33.1 13.00 NOTE
r-release-macos-x86_64 3.33.1 22.00 NOTE
r-release-windows-x86_64 3.33.1 14.00 52.00 66.00 NOTE
r-oldrel-macos-arm64 3.33.1 18.00 NOTE
r-oldrel-macos-x86_64 3.33.1 27.00 NOTE
r-oldrel-windows-ix86+x86_64 3.33.1 5.00 47.00 52.00 NOTE

Check Details

Version: 3.33.1
Check: LazyData
Result: NOTE
     'LazyData' is specified without a 'data' directory
Flavors: r-devel-linux-x86_64-debian-clang, r-devel-linux-x86_64-debian-gcc, r-devel-linux-x86_64-fedora-clang, r-devel-linux-x86_64-fedora-gcc, r-devel-windows-x86_64, r-patched-linux-x86_64, r-release-linux-x86_64, r-release-macos-arm64, r-release-macos-x86_64, r-release-windows-x86_64, r-oldrel-macos-arm64, r-oldrel-macos-x86_64, r-oldrel-windows-ix86+x86_64