CRAN Package Check Results for Package svmplus

Last updated on 2022-05-27 15:51:52 CEST.

Flavor Version Tinstall Tcheck Ttotal Status Flags
r-devel-linux-x86_64-debian-clang 1.0.1 6.43 74.04 80.47 NOTE
r-devel-linux-x86_64-debian-gcc 1.0.1 6.49 57.58 64.07 NOTE
r-devel-linux-x86_64-fedora-clang 1.0.1 100.23 NOTE
r-devel-linux-x86_64-fedora-gcc 1.0.1 87.25 NOTE
r-devel-windows-x86_64 1.0.1 17.00 87.00 104.00 NOTE
r-patched-linux-x86_64 1.0.1 8.15 71.38 79.53 NOTE
r-release-linux-x86_64 1.0.1 8.51 72.83 81.34 NOTE
r-release-macos-arm64 1.0.1 30.00 NOTE
r-release-macos-x86_64 1.0.1 44.00 NOTE
r-release-windows-x86_64 1.0.1 18.00 88.00 106.00 NOTE
r-oldrel-macos-arm64 1.0.1 36.00 NOTE
r-oldrel-macos-x86_64 1.0.1 59.00 NOTE
r-oldrel-windows-ix86+x86_64 1.0.1 17.00 79.00 96.00 NOTE

Check Details

Version: 1.0.1
Check: LazyData
Result: NOTE
     'LazyData' is specified without a 'data' directory
Flavors: r-devel-linux-x86_64-debian-clang, r-devel-linux-x86_64-debian-gcc, r-devel-linux-x86_64-fedora-clang, r-devel-linux-x86_64-fedora-gcc, r-devel-windows-x86_64, r-patched-linux-x86_64, r-release-linux-x86_64, r-release-macos-arm64, r-release-macos-x86_64, r-release-windows-x86_64, r-oldrel-macos-arm64, r-oldrel-macos-x86_64, r-oldrel-windows-ix86+x86_64