Last updated on 2022-05-22 03:51:37 CEST.
Flavor | Version | Tinstall | Tcheck | Ttotal | Status | Flags |
---|---|---|---|---|---|---|
r-devel-linux-x86_64-debian-clang | 0.4.9 | 15.88 | 253.98 | 269.86 | OK | |
r-devel-linux-x86_64-debian-gcc | 0.4.9 | 14.28 | 179.88 | 194.16 | OK | |
r-devel-linux-x86_64-fedora-clang | 0.4.9 | 310.66 | NOTE | |||
r-devel-linux-x86_64-fedora-gcc | 0.4.9 | 327.19 | OK | |||
r-devel-windows-x86_64 | 0.4.9 | 56.00 | 295.00 | 351.00 | NOTE | |
r-patched-linux-x86_64 | 0.4.9 | 22.82 | 234.24 | 257.06 | OK | |
r-release-linux-x86_64 | 0.4.9 | 17.46 | 232.52 | 249.98 | OK | |
r-release-macos-arm64 | 0.4.9 | 87.00 | NOTE | |||
r-release-macos-x86_64 | 0.4.9 | 158.00 | NOTE | |||
r-release-windows-x86_64 | 0.4.9 | 59.00 | 295.00 | 354.00 | NOTE | |
r-oldrel-macos-arm64 | 0.4.9 | 146.00 | NOTE | |||
r-oldrel-macos-x86_64 | 0.4.9 | 160.00 | NOTE | |||
r-oldrel-windows-ix86+x86_64 | 0.4.9 | 36.00 | 286.00 | 322.00 | NOTE |
Version: 0.4.9
Check: installed package size
Result: NOTE
installed size is 6.0Mb
sub-directories of 1Mb or more:
doc 5.5Mb
Flavors: r-devel-linux-x86_64-fedora-clang, r-devel-windows-x86_64, r-release-macos-arm64, r-release-macos-x86_64, r-release-windows-x86_64, r-oldrel-macos-arm64, r-oldrel-macos-x86_64, r-oldrel-windows-ix86+x86_64