CRAN Package Check Results for Package superb

Last updated on 2022-05-27 04:56:50 CEST.

Flavor Version Tinstall Tcheck Ttotal Status Flags
r-devel-linux-x86_64-debian-clang 0.95.0 10.94 318.72 329.66 OK
r-devel-linux-x86_64-debian-gcc 0.95.0 8.41 224.49 232.90 OK
r-devel-linux-x86_64-fedora-clang 0.95.0 370.18 NOTE
r-devel-linux-x86_64-fedora-gcc 0.95.0 355.11 OK
r-devel-windows-x86_64 0.95.0 46.00 378.00 424.00 NOTE
r-patched-linux-x86_64 0.95.0 10.41 291.30 301.71 OK
r-release-linux-x86_64 0.95.0 12.36 292.21 304.57 OK
r-release-macos-arm64 0.95.0 128.00 NOTE
r-release-macos-x86_64 0.95.0 169.00 NOTE
r-release-windows-x86_64 0.95.0 51.00 363.00 414.00 NOTE
r-oldrel-macos-arm64 0.95.0 142.00 NOTE
r-oldrel-macos-x86_64 0.95.0 191.00 NOTE
r-oldrel-windows-ix86+x86_64 0.95.0 25.00 400.00 425.00 NOTE

Check Details

Version: 0.95.0
Check: installed package size
Result: NOTE
     installed size is 13.4Mb
     sub-directories of 1Mb or more:
     doc 12.7Mb
Flavors: r-devel-linux-x86_64-fedora-clang, r-devel-windows-x86_64, r-release-macos-arm64, r-release-macos-x86_64, r-release-windows-x86_64, r-oldrel-macos-arm64, r-oldrel-macos-x86_64, r-oldrel-windows-ix86+x86_64