CRAN Package Check Results for Package summariser

Last updated on 2022-05-26 15:53:25 CEST.

Flavor Version Tinstall Tcheck Ttotal Status Flags
r-devel-linux-x86_64-debian-clang 2.3.0 1.31 33.98 35.29 NOTE
r-devel-linux-x86_64-debian-gcc 2.3.0 1.72 29.54 31.26 NOTE
r-devel-linux-x86_64-fedora-clang 2.3.0 43.89 NOTE
r-devel-linux-x86_64-fedora-gcc 2.3.0 32.86 NOTE
r-devel-windows-x86_64 2.3.0 10.00 52.00 62.00 NOTE
r-patched-linux-x86_64 2.3.0 1.31 32.68 33.99 NOTE
r-release-linux-x86_64 2.3.0 NOTE
r-release-macos-arm64 2.3.0 17.00 NOTE
r-release-macos-x86_64 2.3.0 29.00 NOTE
r-release-windows-x86_64 2.3.0 13.00 51.00 64.00 NOTE
r-oldrel-macos-arm64 2.3.0 19.00 NOTE
r-oldrel-macos-x86_64 2.3.0 30.00 NOTE
r-oldrel-windows-ix86+x86_64 2.3.0 5.00 46.00 51.00 NOTE

Check Details

Version: 2.3.0
Check: LazyData
Result: NOTE
     'LazyData' is specified without a 'data' directory
Flavors: r-devel-linux-x86_64-debian-clang, r-devel-linux-x86_64-debian-gcc, r-devel-linux-x86_64-fedora-clang, r-devel-linux-x86_64-fedora-gcc, r-devel-windows-x86_64, r-patched-linux-x86_64, r-release-linux-x86_64, r-release-macos-arm64, r-release-macos-x86_64, r-release-windows-x86_64, r-oldrel-macos-arm64, r-oldrel-macos-x86_64, r-oldrel-windows-ix86+x86_64