CRAN Package Check Results for Package stray

Last updated on 2022-05-21 04:59:22 CEST.

Flavor Version Tinstall Tcheck Ttotal Status Flags
r-devel-linux-x86_64-debian-clang 0.1.1 5.54 62.89 68.43 OK
r-devel-linux-x86_64-debian-gcc 0.1.1 4.75 46.78 51.53 OK
r-devel-linux-x86_64-fedora-clang 0.1.1 81.53 NOTE
r-devel-linux-x86_64-fedora-gcc 0.1.1 78.31 NOTE
r-devel-windows-x86_64 0.1.1 19.00 81.00 100.00 OK
r-patched-linux-x86_64 0.1.1 3.81 59.03 62.84 OK
r-release-linux-x86_64 0.1.1 3.93 59.36 63.29 OK
r-release-macos-arm64 0.1.1 26.00 NOTE
r-release-macos-x86_64 0.1.1 45.00 NOTE
r-release-windows-x86_64 0.1.1 23.00 81.00 104.00 OK
r-oldrel-macos-arm64 0.1.1 32.00 NOTE
r-oldrel-macos-x86_64 0.1.1 43.00 NOTE
r-oldrel-windows-ix86+x86_64 0.1.1 16.00 74.00 90.00 OK

Check Details

Version: 0.1.1
Check: dependencies in R code
Result: NOTE
    Namespace in Imports field not imported from: ‘ks’
     All declared Imports should be used.
Flavors: r-devel-linux-x86_64-fedora-clang, r-devel-linux-x86_64-fedora-gcc, r-release-macos-arm64, r-release-macos-x86_64, r-oldrel-macos-arm64, r-oldrel-macos-x86_64

Version: 0.1.1
Check: Rd cross-references
Result: NOTE
    Undeclared package ‘HDoutliers’ in Rd xrefs
Flavor: r-devel-linux-x86_64-fedora-clang