CRAN Package Check Results for Package stratbr

Last updated on 2022-06-29 15:50:06 CEST.

Flavor Version Tinstall Tcheck Ttotal Status Flags
r-devel-linux-x86_64-debian-clang 1.2 2.54 25.63 28.17 NOTE
r-devel-linux-x86_64-debian-gcc 1.2 2.22 19.84 22.06 NOTE
r-devel-linux-x86_64-fedora-clang 1.2 44.88 NOTE
r-devel-linux-x86_64-fedora-gcc 1.2 43.65 NOTE
r-devel-windows-x86_64 1.2 7.00 59.00 66.00 NOTE
r-patched-linux-x86_64 1.2 2.61 25.42 28.03 NOTE
r-release-linux-x86_64 1.2 2.83 24.66 27.49 NOTE
r-release-macos-arm64 1.2 19.00 NOTE
r-release-macos-x86_64 1.2 24.00 NOTE
r-release-windows-x86_64 1.2 6.00 60.00 66.00 NOTE
r-oldrel-macos-arm64 1.2 22.00 NOTE
r-oldrel-macos-x86_64 1.2 32.00 NOTE
r-oldrel-windows-ix86+x86_64 1.2 6.00 46.00 52.00 NOTE

Check Details

Version: 1.2
Check: LazyData
Result: NOTE
     'LazyData' is specified without a 'data' directory
Flavors: r-devel-linux-x86_64-debian-clang, r-devel-linux-x86_64-debian-gcc, r-devel-linux-x86_64-fedora-clang, r-devel-linux-x86_64-fedora-gcc, r-devel-windows-x86_64, r-patched-linux-x86_64, r-release-linux-x86_64, r-release-macos-arm64, r-release-macos-x86_64, r-release-windows-x86_64, r-oldrel-macos-arm64, r-oldrel-macos-x86_64, r-oldrel-windows-ix86+x86_64