Last updated on 2022-06-28 15:53:29 CEST.
Flavor | Version | Tinstall | Tcheck | Ttotal | Status | Flags |
---|---|---|---|---|---|---|
r-devel-linux-x86_64-debian-clang | 1.1.4 | 135.51 | 60.42 | 195.93 | OK | |
r-devel-linux-x86_64-debian-gcc | 1.1.4 | 113.26 | 48.59 | 161.85 | OK | |
r-devel-linux-x86_64-fedora-clang | 1.1.4 | 298.44 | NOTE | |||
r-devel-linux-x86_64-fedora-gcc | 1.1.4 | 253.30 | OK | |||
r-devel-windows-x86_64 | 1.1.4 | 118.00 | 106.00 | 224.00 | OK | |
r-patched-linux-x86_64 | 1.1.4 | 109.10 | 57.68 | 166.78 | OK | |
r-release-linux-x86_64 | 1.1.4 | 106.39 | 59.43 | 165.82 | OK | |
r-release-macos-arm64 | 1.1.4 | 78.00 | NOTE | |||
r-release-macos-x86_64 | 1.1.4 | 87.00 | NOTE | |||
r-release-windows-x86_64 | 1.1.4 | 115.00 | 109.00 | 224.00 | OK | |
r-oldrel-macos-arm64 | 1.1.4 | 86.00 | NOTE | |||
r-oldrel-macos-x86_64 | 1.1.4 | 89.00 | NOTE | |||
r-oldrel-windows-ix86+x86_64 | 1.1.4 | 264.00 | 119.00 | 383.00 | OK |
Version: 1.1.4
Check: installed package size
Result: NOTE
installed size is 7.8Mb
sub-directories of 1Mb or more:
libs 6.5Mb
Flavors: r-devel-linux-x86_64-fedora-clang, r-release-macos-arm64, r-release-macos-x86_64, r-oldrel-macos-arm64, r-oldrel-macos-x86_64