CRAN Package Check Results for Package strat

Last updated on 2022-06-28 03:51:44 CEST.

Flavor Version Tinstall Tcheck Ttotal Status Flags
r-devel-linux-x86_64-debian-clang 0.1 27.59 39.86 67.45 OK
r-devel-linux-x86_64-debian-gcc 0.1 24.38 31.32 55.70 OK
r-devel-linux-x86_64-fedora-clang 0.1 104.07 NOTE
r-devel-linux-x86_64-fedora-gcc 0.1 96.82 NOTE
r-devel-windows-x86_64 0.1 30.00 83.00 113.00 OK
r-patched-linux-x86_64 0.1 23.94 39.23 63.17 OK
r-release-linux-x86_64 0.1 20.15 37.98 58.13 OK
r-release-macos-arm64 0.1 34.00 OK
r-release-macos-x86_64 0.1 45.00 OK
r-release-windows-x86_64 0.1 30.00 83.00 113.00 OK
r-oldrel-macos-arm64 0.1 36.00 OK
r-oldrel-macos-x86_64 0.1 46.00 OK
r-oldrel-windows-ix86+x86_64 0.1 76.00 92.00 168.00 OK

Check Details

Version: 0.1
Check: compiled code
Result: NOTE
    File ‘strat/libs/strat.so’:
     Found no calls to: ‘R_registerRoutines’, ‘R_useDynamicSymbols’
    
    It is good practice to register native routines and to disable symbol
    search.
    
    See ‘Writing portable packages’ in the ‘Writing R Extensions’ manual.
Flavors: r-devel-linux-x86_64-fedora-clang, r-devel-linux-x86_64-fedora-gcc