CRAN Package Check Results for Package storr

Last updated on 2022-09-26 03:56:20 CEST.

Flavor Version Tinstall Tcheck Ttotal Status Flags
r-devel-linux-x86_64-debian-clang 1.2.5 8.66 60.68 69.34 NOTE
r-devel-linux-x86_64-debian-gcc 1.2.5 7.14 45.87 53.01 NOTE
r-devel-linux-x86_64-fedora-clang 1.2.5 95.62 NOTE
r-devel-linux-x86_64-fedora-gcc 1.2.5 92.01 NOTE
r-devel-windows-x86_64 1.2.5 49.00 107.00 156.00 NOTE
r-patched-linux-x86_64 1.2.5 9.04 58.10 67.14 NOTE
r-release-linux-x86_64 1.2.5 7.20 57.35 64.55 NOTE
r-release-macos-arm64 1.2.5 27.00 NOTE
r-release-macos-x86_64 1.2.5 42.00 NOTE
r-release-windows-x86_64 1.2.5 40.00 105.00 145.00 NOTE
r-oldrel-macos-arm64 1.2.5 36.00 NOTE
r-oldrel-macos-x86_64 1.2.5 61.00 NOTE
r-oldrel-windows-ix86+x86_64 1.2.5 17.00 134.00 151.00 NOTE

Check Details

Version: 1.2.5
Check: LazyData
Result: NOTE
     'LazyData' is specified without a 'data' directory
Flavors: r-devel-linux-x86_64-debian-clang, r-devel-linux-x86_64-debian-gcc, r-devel-linux-x86_64-fedora-clang, r-devel-linux-x86_64-fedora-gcc, r-devel-windows-x86_64, r-patched-linux-x86_64, r-release-linux-x86_64, r-release-macos-arm64, r-release-macos-x86_64, r-release-windows-x86_64, r-oldrel-macos-arm64, r-oldrel-macos-x86_64, r-oldrel-windows-ix86+x86_64