Last updated on 2023-09-22 04:01:25 CEST.
Flavor | Version | Tinstall | Tcheck | Ttotal | Status | Flags |
---|---|---|---|---|---|---|
r-devel-linux-x86_64-debian-clang | 1.2.5 | 9.62 | 65.02 | 74.64 | NOTE | |
r-devel-linux-x86_64-debian-gcc | 1.2.5 | 7.55 | 49.70 | 57.25 | NOTE | |
r-devel-linux-x86_64-fedora-clang | 1.2.5 | 93.16 | NOTE | |||
r-devel-linux-x86_64-fedora-gcc | 1.2.5 | 101.89 | NOTE | |||
r-devel-windows-x86_64 | 1.2.5 | 11.00 | 79.00 | 90.00 | NOTE | |
r-patched-linux-x86_64 | 1.2.5 | 10.31 | 63.57 | 73.88 | NOTE | |
r-release-linux-x86_64 | 1.2.5 | 8.17 | 63.83 | 72.00 | NOTE | |
r-release-macos-arm64 | 1.2.5 | 37.00 | NOTE | |||
r-release-macos-x86_64 | 1.2.5 | 61.00 | NOTE | |||
r-release-windows-x86_64 | 1.2.5 | 15.00 | 89.00 | 104.00 | NOTE | |
r-oldrel-macos-arm64 | 1.2.5 | 32.00 | NOTE | |||
r-oldrel-macos-x86_64 | 1.2.5 | 42.00 | NOTE | |||
r-oldrel-windows-x86_64 | 1.2.5 | 15.00 | 87.00 | 102.00 | NOTE |
Version: 1.2.5
Check: LazyData
Result: NOTE
'LazyData' is specified without a 'data' directory
Flavors: r-devel-linux-x86_64-debian-clang, r-devel-linux-x86_64-debian-gcc, r-devel-linux-x86_64-fedora-clang, r-devel-linux-x86_64-fedora-gcc, r-devel-windows-x86_64, r-patched-linux-x86_64, r-release-linux-x86_64, r-release-macos-arm64, r-release-macos-x86_64, r-release-windows-x86_64, r-oldrel-macos-arm64, r-oldrel-macos-x86_64, r-oldrel-windows-x86_64