CRAN Package Check Results for Package stminsights

Last updated on 2022-05-16 15:53:25 CEST.

Flavor Version Tinstall Tcheck Ttotal Status Flags
r-devel-linux-x86_64-debian-clang 0.4.1 14.70 147.49 162.19 OK
r-devel-linux-x86_64-debian-gcc 0.4.1 11.72 109.21 120.93 OK
r-devel-linux-x86_64-fedora-clang 0.4.1 190.02 NOTE
r-devel-linux-x86_64-fedora-gcc 0.4.1 185.61 NOTE
r-devel-windows-x86_64 0.4.1 20.00 158.00 178.00 OK
r-patched-linux-x86_64 0.4.1 11.52 139.16 150.68 OK
r-release-linux-x86_64 0.4.1 12.49 139.33 151.82 OK
r-release-macos-arm64 0.4.1 53.00 NOTE
r-release-macos-x86_64 0.4.1 88.00 NOTE
r-release-windows-x86_64 0.4.1 22.00 158.00 180.00 OK
r-oldrel-macos-arm64 0.4.1 58.00 NOTE
r-oldrel-macos-x86_64 0.4.1 89.00 NOTE
r-oldrel-windows-ix86+x86_64 0.4.1 33.00 158.00 191.00 OK

Check Details

Version: 0.4.1
Check: dependencies in R code
Result: NOTE
    Namespaces in Imports field not imported from:
     ‘huge’ ‘readr’ ‘scales’ ‘shinyjs’
     All declared Imports should be used.
Flavors: r-devel-linux-x86_64-fedora-clang, r-devel-linux-x86_64-fedora-gcc, r-release-macos-arm64, r-release-macos-x86_64, r-oldrel-macos-arm64, r-oldrel-macos-x86_64