Last updated on 2022-05-23 15:53:48 CEST.
Flavor | Version | Tinstall | Tcheck | Ttotal | Status | Flags |
---|---|---|---|---|---|---|
r-devel-linux-x86_64-debian-clang | 1.3.6 | 53.65 | 316.18 | 369.83 | OK | |
r-devel-linux-x86_64-debian-gcc | 1.3.6 | 39.07 | 223.93 | 263.00 | OK | |
r-devel-linux-x86_64-fedora-clang | 1.3.6 | 429.99 | OK | |||
r-devel-linux-x86_64-fedora-gcc | 1.3.6 | 408.72 | OK | |||
r-devel-windows-x86_64 | 1.3.6 | 78.00 | 381.00 | 459.00 | OK | |
r-patched-linux-x86_64 | 1.3.6 | 49.83 | 296.09 | 345.92 | OK | |
r-release-linux-x86_64 | 1.3.6 | OK | ||||
r-release-macos-arm64 | 1.3.6 | 133.00 | NOTE | |||
r-release-macos-x86_64 | 1.3.6 | 185.00 | NOTE | |||
r-release-windows-x86_64 | 1.3.6 | 58.00 | 382.00 | 440.00 | OK | |
r-oldrel-macos-arm64 | 1.3.6 | 148.00 | NOTE | |||
r-oldrel-macos-x86_64 | 1.3.6 | 233.00 | NOTE | |||
r-oldrel-windows-ix86+x86_64 | 1.3.6 | 112.00 | 544.00 | 656.00 | OK |
Version: 1.3.6
Check: installed package size
Result: NOTE
installed size is 5.3Mb
sub-directories of 1Mb or more:
data 1.7Mb
libs 2.4Mb
Flavors: r-release-macos-arm64, r-release-macos-x86_64, r-oldrel-macos-arm64, r-oldrel-macos-x86_64