Last updated on 2022-06-26 03:50:14 CEST.
Flavor | Version | Tinstall | Tcheck | Ttotal | Status | Flags |
---|---|---|---|---|---|---|
r-devel-linux-x86_64-debian-clang | 0.5.1 | 30.27 | 42.20 | 72.47 | NOTE | |
r-devel-linux-x86_64-debian-gcc | 0.5.1 | 23.19 | 32.42 | 55.61 | NOTE | |
r-devel-linux-x86_64-fedora-clang | 0.5.1 | 115.70 | NOTE | |||
r-devel-linux-x86_64-fedora-gcc | 0.5.1 | 101.57 | NOTE | |||
r-devel-windows-x86_64 | 0.5.1 | 35.00 | 82.00 | 117.00 | NOTE | |
r-patched-linux-x86_64 | 0.5.1 | 27.85 | 40.58 | 68.43 | NOTE | |
r-release-linux-x86_64 | 0.5.1 | 26.47 | 40.94 | 67.41 | NOTE | |
r-release-macos-arm64 | 0.5.1 | 28.00 | NOTE | |||
r-release-macos-x86_64 | 0.5.1 | 43.00 | NOTE | |||
r-release-windows-x86_64 | 0.5.1 | 34.00 | 81.00 | 115.00 | NOTE | |
r-oldrel-macos-arm64 | 0.5.1 | 31.00 | NOTE | |||
r-oldrel-macos-x86_64 | 0.5.1 | 56.00 | NOTE | |||
r-oldrel-windows-ix86+x86_64 | 0.5.1 | 79.00 | 92.00 | 171.00 | NOTE |
Version: 0.5.1
Check: LazyData
Result: NOTE
'LazyData' is specified without a 'data' directory
Flavors: r-devel-linux-x86_64-debian-clang, r-devel-linux-x86_64-debian-gcc, r-devel-linux-x86_64-fedora-clang, r-devel-linux-x86_64-fedora-gcc, r-devel-windows-x86_64, r-patched-linux-x86_64, r-release-linux-x86_64, r-release-macos-arm64, r-release-macos-x86_64, r-release-windows-x86_64, r-oldrel-macos-arm64, r-oldrel-macos-x86_64, r-oldrel-windows-ix86+x86_64
Version: 0.5.1
Check: compiled code
Result: NOTE
File ‘stlplus/libs/stlplus.so’:
Found no calls to: ‘R_registerRoutines’, ‘R_useDynamicSymbols’
It is good practice to register native routines and to disable symbol
search.
See ‘Writing portable packages’ in the ‘Writing R Extensions’ manual.
Flavors: r-devel-linux-x86_64-fedora-clang, r-devel-linux-x86_64-fedora-gcc