CRAN Package Check Results for Package steadyICA

Last updated on 2022-05-26 03:53:22 CEST.

Flavor Version Tinstall Tcheck Ttotal Status Flags
r-devel-linux-x86_64-debian-clang 1.0 10.83 59.19 70.02 OK
r-devel-linux-x86_64-debian-gcc 1.0 11.42 45.05 56.47 OK
r-devel-linux-x86_64-fedora-clang 1.0 91.01 NOTE
r-devel-linux-x86_64-fedora-gcc 1.0 77.21 NOTE
r-devel-windows-x86_64 1.0 30.00 93.00 123.00 OK
r-patched-linux-x86_64 1.0 13.48 57.23 70.71 OK
r-release-linux-x86_64 1.0 OK
r-release-macos-arm64 1.0 25.00 OK
r-release-macos-x86_64 1.0 37.00 OK
r-release-windows-x86_64 1.0 34.00 94.00 128.00 OK
r-oldrel-macos-arm64 1.0 31.00 OK
r-oldrel-macos-x86_64 1.0 41.00 OK
r-oldrel-windows-ix86+x86_64 1.0 38.00 109.00 147.00 OK

Check Details

Version: 1.0
Check: compiled code
Result: NOTE
    File ‘steadyICA/libs/steadyICA.so’:
     Found no calls to: ‘R_registerRoutines’, ‘R_useDynamicSymbols’
    
    It is good practice to register native routines and to disable symbol
    search.
    
    See ‘Writing portable packages’ in the ‘Writing R Extensions’ manual.
Flavors: r-devel-linux-x86_64-fedora-clang, r-devel-linux-x86_64-fedora-gcc