CRAN Package Check Results for Package stdReg2

Last updated on 2025-01-25 15:49:25 CET.

Flavor Version Tinstall Tcheck Ttotal Status Flags
r-devel-linux-x86_64-debian-clang 1.0.1 10.82 107.29 118.11 NOTE
r-devel-linux-x86_64-debian-gcc 1.0.1 7.68 87.32 95.00 NOTE
r-devel-linux-x86_64-fedora-clang 1.0.1 185.47 OK
r-devel-linux-x86_64-fedora-gcc 1.0.1 196.69 NOTE
r-devel-windows-x86_64 1.0.1 12.00 108.00 120.00 OK
r-patched-linux-x86_64 1.0.1 10.00 101.78 111.78 OK
r-release-linux-x86_64 1.0.1 9.42 101.62 111.04 OK
r-release-macos-arm64 1.0.1 56.00 OK
r-release-macos-x86_64 1.0.1 138.00 OK
r-release-windows-x86_64 1.0.1 10.00 110.00 120.00 OK
r-oldrel-macos-arm64 1.0.1 77.00 OK
r-oldrel-macos-x86_64 1.0.1 118.00 OK
r-oldrel-windows-x86_64 1.0.1 12.00 132.00 144.00 OK

Check Details

Version: 1.0.1
Check: DESCRIPTION meta-information
Result: NOTE Missing dependency on R >= 4.1.0 because package code uses the pipe |> or function shorthand \(...) syntax added in R 4.1.0. File(s) using such syntax: ‘coxph_methods.R’ ‘glm_methods.R’ ‘standardize_custom.R’ ‘utils.R’ Flavors: r-devel-linux-x86_64-debian-clang, r-devel-linux-x86_64-debian-gcc, r-devel-linux-x86_64-fedora-gcc