Last updated on 2022-05-28 15:51:10 CEST.
Flavor | Version | Tinstall | Tcheck | Ttotal | Status | Flags |
---|---|---|---|---|---|---|
r-devel-linux-x86_64-debian-clang | 0.3.0 | 91.24 | 188.78 | 280.02 | OK | |
r-devel-linux-x86_64-debian-gcc | 0.3.0 | 75.08 | 149.31 | 224.39 | OK | |
r-devel-linux-x86_64-fedora-clang | 0.3.0 | 370.09 | NOTE | |||
r-devel-linux-x86_64-fedora-gcc | 0.3.0 | 332.55 | OK | |||
r-devel-windows-x86_64 | 0.3.0 | 77.00 | 235.00 | 312.00 | OK | |
r-patched-linux-x86_64 | 0.3.0 | 79.12 | 182.04 | 261.16 | OK | |
r-release-linux-x86_64 | 0.3.0 | 80.00 | 181.54 | 261.54 | OK | |
r-release-macos-arm64 | 0.3.0 | 97.00 | NOTE | |||
r-release-macos-x86_64 | 0.3.0 | 165.00 | NOTE | |||
r-release-windows-x86_64 | 0.3.0 | 85.00 | 238.00 | 323.00 | OK | |
r-oldrel-macos-arm64 | 0.3.0 | 107.00 | NOTE | |||
r-oldrel-macos-x86_64 | 0.3.0 | 135.00 | NOTE | |||
r-oldrel-windows-ix86+x86_64 | 0.3.0 | 232.00 | 313.00 | 545.00 | NOTE |
Version: 0.3.0
Check: installed package size
Result: NOTE
installed size is 5.9Mb
sub-directories of 1Mb or more:
data 2.3Mb
libs 3.3Mb
Flavors: r-devel-linux-x86_64-fedora-clang, r-release-macos-arm64, r-release-macos-x86_64, r-oldrel-macos-arm64, r-oldrel-macos-x86_64, r-oldrel-windows-ix86+x86_64