CRAN Package Check Results for Package stats4teaching

Last updated on 2024-04-19 15:57:02 CEST.

Flavor Version Tinstall Tcheck Ttotal Status Flags
r-devel-linux-x86_64-debian-clang 0.1.0 3.39 34.50 37.89 NOTE
r-devel-linux-x86_64-debian-gcc 0.1.0 NOTE
r-devel-linux-x86_64-fedora-clang 0.1.0 47.59 NOTE
r-devel-linux-x86_64-fedora-gcc 0.1.0 44.24 NOTE
r-prerel-macos-arm64 0.1.0 20.00 NOTE
r-prerel-windows-x86_64 0.1.0 5.00 54.00 59.00 NOTE
r-patched-linux-x86_64 0.1.0 2.86 32.53 35.39 NOTE
r-release-linux-x86_64 0.1.0 2.70 32.14 34.84 OK
r-release-macos-arm64 0.1.0 20.00 OK
r-release-macos-x86_64 0.1.0 26.00 OK
r-release-windows-x86_64 0.1.0 5.00 56.00 61.00 OK
r-oldrel-macos-arm64 0.1.0 21.00 OK
r-oldrel-windows-x86_64 0.1.0 5.00 62.00 67.00 OK

Check Details

Version: 0.1.0
Check: Rd files
Result: NOTE checkRd: (-1) sample2indp.pow.Rd:48: Lost braces 48 | Pooled standard deviation= \code{sp} = sqrt{((n1 - 1) sigma1^2 +(n2 - 1) sigma2^2) / (n1 + n2 - 2)} | ^ Flavors: r-devel-linux-x86_64-debian-clang, r-devel-linux-x86_64-debian-gcc, r-devel-linux-x86_64-fedora-clang, r-devel-linux-x86_64-fedora-gcc, r-prerel-macos-arm64, r-prerel-windows-x86_64, r-patched-linux-x86_64