Last updated on 2022-06-30 03:53:36 CEST.
Flavor | Version | Tinstall | Tcheck | Ttotal | Status | Flags |
---|---|---|---|---|---|---|
r-devel-linux-x86_64-debian-clang | 1.0.4 | 89.81 | 73.81 | 163.62 | WARN | |
r-devel-linux-x86_64-debian-gcc | 1.0.4 | 79.41 | 56.20 | 135.61 | OK | |
r-devel-linux-x86_64-fedora-clang | 1.0.4 | 258.16 | WARN | |||
r-devel-linux-x86_64-fedora-gcc | 1.0.4 | 228.46 | OK | |||
r-devel-windows-x86_64 | 1.0.4 | 103.00 | 141.00 | 244.00 | OK | |
r-patched-linux-x86_64 | 1.0.4 | 82.59 | 71.61 | 154.20 | OK | |
r-release-linux-x86_64 | 1.0.4 | 80.36 | 71.04 | 151.40 | OK | |
r-release-macos-arm64 | 1.0.4 | 70.00 | OK | |||
r-release-macos-x86_64 | 1.0.4 | 123.00 | OK | |||
r-release-windows-x86_64 | 1.0.4 | 102.00 | 139.00 | 241.00 | OK | |
r-oldrel-macos-arm64 | 1.0.4 | 60.00 | NOTE | |||
r-oldrel-macos-x86_64 | 1.0.4 | 85.00 | OK | |||
r-oldrel-windows-ix86+x86_64 | 1.0.4 | 242.00 | 156.00 | 398.00 | OK |
Version: 1.0.4
Check: whether package can be installed
Result: WARN
Found the following significant warnings:
calcIBD.cpp:116:18: warning: use of bitwise '|' with boolean operands [-Wbitwise-instead-of-logical]
Flavors: r-devel-linux-x86_64-debian-clang, r-devel-linux-x86_64-fedora-clang
Version: 1.0.4
Check: installed package size
Result: NOTE
installed size is 5.7Mb
sub-directories of 1Mb or more:
libs 5.0Mb
Flavor: r-oldrel-macos-arm64