Last updated on 2022-07-02 03:51:40 CEST.
Flavor | Version | Tinstall | Tcheck | Ttotal | Status | Flags |
---|---|---|---|---|---|---|
r-devel-linux-x86_64-debian-clang | 0.4.1 | 116.72 | 137.88 | 254.60 | OK | |
r-devel-linux-x86_64-debian-gcc | 0.4.1 | 92.99 | 108.64 | 201.63 | OK | |
r-devel-linux-x86_64-fedora-clang | 0.4.1 | 364.24 | NOTE | |||
r-devel-linux-x86_64-fedora-gcc | 0.4.1 | 324.52 | OK | |||
r-devel-windows-x86_64 | 0.4.1 | 101.00 | 190.00 | 291.00 | OK | |
r-patched-linux-x86_64 | 0.4.1 | 98.06 | 132.14 | 230.20 | OK | |
r-release-linux-x86_64 | 0.4.1 | 94.14 | 132.99 | 227.13 | OK | |
r-release-macos-arm64 | 0.4.1 | 88.00 | NOTE | |||
r-release-macos-x86_64 | 0.4.1 | 116.00 | NOTE | |||
r-release-windows-x86_64 | 0.4.1 | 102.00 | 188.00 | 290.00 | OK | |
r-oldrel-macos-arm64 | 0.4.1 | 91.00 | NOTE | |||
r-oldrel-macos-x86_64 | 0.4.1 | 111.00 | NOTE | |||
r-oldrel-windows-ix86+x86_64 | 0.4.1 | 270.00 | 198.00 | 468.00 | OK |
Version: 0.4.1
Check: installed package size
Result: NOTE
installed size is 5.2Mb
sub-directories of 1Mb or more:
libs 4.5Mb
Flavors: r-devel-linux-x86_64-fedora-clang, r-release-macos-arm64, r-release-macos-x86_64, r-oldrel-macos-arm64, r-oldrel-macos-x86_64