CRAN Package Check Results for Package staggered

Last updated on 2022-05-25 15:50:48 CEST.

Flavor Version Tinstall Tcheck Ttotal Status Flags
r-devel-linux-x86_64-debian-clang 1.1 72.55 75.08 147.63 OK
r-devel-linux-x86_64-debian-gcc 1.1 63.45 50.12 113.57 OK
r-devel-linux-x86_64-fedora-clang 1.1 192.54 NOTE
r-devel-linux-x86_64-fedora-gcc 1.1 169.18 NOTE
r-devel-windows-x86_64 1.1 57.00 97.00 154.00 OK
r-patched-linux-x86_64 1.1 64.55 61.93 126.48 OK
r-release-linux-x86_64 1.1 OK
r-release-macos-arm64 1.1 53.00 NOTE
r-release-macos-x86_64 1.1 95.00 NOTE
r-release-windows-x86_64 1.1 66.00 100.00 166.00 OK
r-oldrel-macos-arm64 1.1 44.00 NOTE
r-oldrel-macos-x86_64 1.1 62.00 NOTE
r-oldrel-windows-ix86+x86_64 1.1 154.00 112.00 266.00 OK

Check Details

Version: 1.1
Check: installed package size
Result: NOTE
     installed size is 25.1Mb
     sub-directories of 1Mb or more:
     libs 24.5Mb
Flavors: r-devel-linux-x86_64-fedora-clang, r-release-macos-arm64, r-release-macos-x86_64, r-oldrel-macos-arm64, r-oldrel-macos-x86_64

Version: 1.1
Check: dependencies in R code
Result: NOTE
    Namespaces in Imports field not imported from:
     ‘reshape2’ ‘stats’
     All declared Imports should be used.
Flavors: r-devel-linux-x86_64-fedora-clang, r-devel-linux-x86_64-fedora-gcc, r-release-macos-arm64, r-release-macos-x86_64, r-oldrel-macos-arm64, r-oldrel-macos-x86_64